iple of 4?
False
Let w(q) = q**3 - 11*q**2 + 14*q - 14. Let m(p) = p**3 - 7*p**2 - 9*p + 5. Let c be m(8). Let z be ((-2 - c) + -2)*-10. Is 13 a factor of w(z)?
True
Suppose -3*i - 240 = -i. Is (i/(-25))/(2/20) a multiple of 12?
True
Let j = -6 + 9. Let m = j + -6. Is 304/24 - (-2)/m a multiple of 4?
True
Let i(l) = l**2 + 6*l. Let n be i(-3). Let y = -6 - n. Suppose -y*w + 23 = -13. Is w a multiple of 5?
False
Let a = 62 - 44. Does 12 divide a?
False
Let b = 191 - 111. Is 16 a factor of b?
True
Suppose f - 60 = 2*v, 0*f = -3*f + 4*v + 180. Is f a multiple of 32?
False
Suppose -2*c + 148 = -92. Does 4 divide c/9 + 2/(-6)?
False
Let j(a) = 9*a + 2. Suppose -2*y + g = -g - 12, -2*y + 11 = -g. Let n be j(y). Suppose 3*p + 4*c = n, -5*p - 25 = -10*p + 4*c. Is p a multiple of 9?
True
Let v(j) = -2*j**3 - 5 + 8*j**2 + 3*j**3 + 4*j**2 - j**2 + 7*j. Does 12 divide v(-10)?
False
Suppose 0 = -8*l + 5*l - g + 16, 5*g = -4*l + 36. Let n be (l - -1)*(-108)/(-10). Suppose -4*d + d = -n. Is d a multiple of 9?
True
Let m(p) = -4*p**2 - 5*p + 8. Let r be m(6). Let n = -94 - r. Does 19 divide n?
False
Let q(k) be the second derivative of 0 - 6*k**2 + 2/3*k**3 - 2*k. Is 12 a factor of q(9)?
True
Let m(v) = -v + 6. Suppose -4*c - 4*i + 2*i + 6 = 0, 4*c = 3*i - 9. Does 2 divide m(c)?
True
Suppose 2*c - 14 = -2*o, 3*o - 5 = 2*o. Suppose 1 = c*t + 15. Let u(r) = -r**2 - 9*r - 6. Is 3 a factor of u(t)?
False
Suppose -4*v = 3*o - 38, 6*o = o + 10. Suppose 4 = -2*h + v. Suppose h = 2*i - 4, 3*i - 23 = -2*l. Does 3 divide l?
False
Suppose 4*i = -2*n - 2*n + 28, 4*n + 12 = 4*i. Suppose 0 = n*y - d - 23, -5 = -3*y + 2*d + 28. Does 13 divide y?
True
Suppose 4*h = -k + 67, -3*h + 2*k + 49 = 3*k. Does 9 divide h?
True
Suppose -5*l = -m + 3, 3*m - 3*l - 9 = -5*l. Let h(q) = 3*q**2 - 3*q. Let n be h(2). Suppose m*t = -n + 30. Does 6 divide t?
False
Let n = 27 + -14. Suppose n + 13 = p. Is 21 a factor of p?
False
Let o(i) = 2 - i - 10 + 4. Let w be o(-8). Suppose 20 + 0 = w*z. Is z a multiple of 5?
True
Suppose 2*c = -0*y + 4*y - 18, -21 = -c - 4*y. Is c/2 - (-34)/4 a multiple of 7?
False
Suppose 4*a - 3*a - 2 = 0. Is a/(-6)*11*-3 a multiple of 4?
False
Suppose -23 + 5 = -3*m. Suppose -m*y - 37 = -4*y + n, -42 = 2*y - 4*n. Let h = 33 + y. Is 8 a factor of h?
False
Suppose 0 = 2*x - 2*i - 8, 5*x + 0*x + 2*i + 8 = 0. Suppose x*z + z - 14 = 0. Is z a multiple of 6?
False
Is 8 a factor of 2*(-5)/(20/(-34))?
False
Let w(l) = 4*l**2 - l + 4. Is 6 a factor of w(2)?
True
Suppose 0 = -0*f - 4*f - 32. Let n be ((-4)/f)/(2/8). Suppose 0*b + n*r + 26 = 2*b, 0 = 2*b + 5*r + 9. Is b a multiple of 8?
True
Let p(c) = -c**2 + 9*c - 6. Let w be p(9). Let l be ((-35)/(-21))/((-2)/w). Let f(q) = 7*q + 1. Does 12 divide f(l)?
True
Suppose 2*j - 5*r = 100, r + 10 - 46 = -j. Suppose 28 = 3*w + 4*a - 3*a, -5*a - j = -3*w. Does 5 divide w?
True
Suppose 0 = 3*u - 7 + 13. Is (-3)/(-6)*(u - -38) a multiple of 9?
True
Let c(h) = 3*h**2 + h**2 - 7*h - 13 - 3*h**2. Does 6 divide c(10)?
False
Suppose 21*v - 200 = 20*v. Does 40 divide v?
True
Let g(k) = -4*k + 2. Let d be g(-4). Let f = d + -2. Is f a multiple of 8?
True
Let o(u) be the first derivative of u**3/3 + 7*u**2 + 8*u - 1. Let w be o(-7). Let x = w + 62. Is x a multiple of 21?
True
Let a(q) = -5*q**2 - 45*q - 8. Let d(n) = -n**2 - 11*n - 2. Let b(z) = 2*a(z) - 9*d(z). Let k be b(8). Suppose -3*l + k = -2. Is l even?
True
Let k(l) = -l**3 + 11*l**2 + 13*l + 26. Is 12 a factor of k(12)?
False
Suppose w - j = -0*w, -3*w = -j - 4. Suppose w*i + 2*i - 128 = 0. Is i a multiple of 16?
True
Let j(q) be the second derivative of 3*q**3 - 11*q**2/2 - q. Let r(l) = 6*l - 4. Let v(f) = -6*j(f) + 17*r(f). Is v(-2) a multiple of 5?
True
Let n = 13 + -8. Suppose 0 = 4*b + n*a - a - 108, b = 4*a + 52. Suppose 3*r - 16 = -3*d + 4*r, 5*d + r = b. Does 6 divide d?
True
Let q = -965 - -1509. Is q a multiple of 68?
True
Let f = -8 + 47. Is 26 a factor of f?
False
Suppose 5*k = 5*p - 125, -p + 3*k + 5 = -14. Is 14 a factor of p?
True
Suppose -2*z = -6*z. Suppose -3*j + 45 = -z*j. Is j a multiple of 15?
True
Let g(c) = 8*c - 4. Does 15 divide g(3)?
False
Suppose 4*x - 2*x = 6. Suppose -r = -2*w + 3*r + 40, -x*r = 2*w - 68. Does 15 divide w?
False
Suppose 0 = -o - 1 + 6. Does 3 divide (-3 - (-27)/5)*o?
True
Let h(n) be the third derivative of n**6/120 - n**5/60 + n**4/24 - n**3/6 - n**2. Let k be h(1). Suppose r - 20 = -k*r. Does 10 divide r?
True
Let g = -2 + 5. Let l(v) = -3 + g + 2 - 27*v. Does 19 divide l(-2)?
False
Is 11 a factor of (-11)/((9/(-30))/(12/10))?
True
Suppose 5*d = -5*k + 595, 4*k - d = 8*k - 479. Does 10 divide k?
True
Suppose 4*w + 5*t + 26 = -5, 0 = 2*w - 2*t + 2. Let i(p) = -p - 6. Let r be i(-10). Is 9 a factor of (3/w)/(r/(-96))?
True
Is (3 - 3)/3 + 24 a multiple of 16?
False
Suppose 0 = g - 5 - 19. Is g a multiple of 8?
True
Suppose 2*g + g - 21 = 0. Is 2 a factor of g?
False
Suppose -5*o = 5*d - 66 - 554, 5*d - 260 = -2*o. Is o a multiple of 24?
True
Suppose 5*h - 93 = 2*h. Is h a multiple of 14?
False
Let t = -10 - 1. Let u = t - -32. Does 10 divide u?
False
Let g(u) = -u**2 + 8*u - 4. Let c be g(7). Suppose -9 = -c*f + 3. Suppose -f*x = -38 - 26. Is x a multiple of 6?
False
Suppose -3*c - 5 + 2 = 0. Let q(f) = 12*f**2 + 1. Is q(c) a multiple of 5?
False
Suppose -5*s + 2*p - 14 = -0*p, -4*p + 6 = s. Does 18 divide s/(-12) - 411/(-18)?
False
Suppose 0 = 5*p - 3 - 7. Let h = p + -1. Is 9 a factor of h/((-2)/(-34)*1)?
False
Let y be 3/(1 + 60/(-62)). Is 1/(-1*(-3)/y) a multiple of 12?
False
Suppose -3*w + 4*o = -6 - 3, -5*w + 32 = -o. Suppose 2*p - w*p = -185. Suppose 2 = -3*l - 2*s + p, -31 = -3*l + 2*s. Is 4 a factor of l?
False
Let u(k) = k**2 - 5*k + 4. Let l be u(3). Let a(y) = 7*y - 5. Let h be a(5). Let r = l + h. Is r a multiple of 15?
False
Let v(w) = 4*w**2 + 2*w - 1. Is 4 a factor of v(-2)?
False
Let p = 19 + 16. Let f = -17 + p. Does 6 divide f?
True
Suppose -3*p + 51 = 4*z, -4*z = -9*z + 4*p + 25. Suppose -z = u + 2*u. Is (u/6)/((-2)/64) a multiple of 16?
True
Suppose z + 3*g = 4*g + 13, 0 = -4*z + g + 52. Is z a multiple of 5?
False
Suppose j + 2*j - 787 = 2*t, 773 = 3*j + 5*t. Is 21 a factor of j?
False
Suppose -4*d = y + d - 15, -9 = 5*y - 3*d. Suppose -2*o + 0*o = y. Suppose i + 4 = 4*n, o = -3*i - 5*n - 6 + 45. Is i a multiple of 3?
False
Suppose 2*k - 2*w = 3*k - 46, -4*k = -4*w - 136. Suppose -k + 160 = 3*m - d, -4*d = 8. Let r = m - 23. Does 5 divide r?
False
Let q(l) = -l**3 - 11*l**2 + 11*l - 11. Let w be q(-12). Let y = -2 - w. Is 3 a factor of 2*y/12*-18?
True
Let s(n) = -n**2 - 17*n + 8. Is 17 a factor of s(-12)?
True
Let t = -66 + 141. Is t a multiple of 15?
True
Suppose -u + 8 = 5. Suppose -u*y + 15 = -3*c - 51, -16 = -y + 3*c. Does 23 divide y?
False
Suppose -316 - 36 = -4*y. Does 22 divide y?
True
Suppose -316 = 7*c - 820. Is c a multiple of 16?
False
Let s(h) = 4*h**2 + 7*h + 3. Does 5 divide s(-5)?
False
Let a = 9 + -7. Suppose 0*o + 22 = a*o. Does 3 divide o?
False
Does 29 divide (406/6)/(2/12)?
True
Let g(v) be the first derivative of v**5/60 + v**4/24 - v**3/3 + 3*v**2/2 + 3. Let k(s) be the second derivative of g(s). Is k(-4) a multiple of 10?
True
Let u = -2 - -4. Suppose -5 = f - u*f. Suppose 4*z = -20, -2*z + 6*z = f*q - 60. Is 5 a factor of q?
False
Let f be 5/2*4/2. Suppose 12 = 2*c + m, -5*c - f*m = -0*c - 30. Is 4 a factor of c?
False
Let h = 19 + -23. Let z be (-2)/1 + 2 - -27. Let v = h + z. Is v a multiple of 17?
False
Let w = -23 - -9. Does 22 divide ((-7)/w)/(2/176)?
True
Let t(z) = 0*z**3 + 13 - 10*z**2 - 2*z**3 + 12*z + z**3. Let v be t(-11). Is 36 - (v - (2 - -1)) a multiple of 18?
False
Let u be (-2)/(-1 + (-15)/(-9)). Let i(b) = -b. Let t be i(u). Suppose -g = -t*y - 17, 5*y + 29 - 10 = g. Does 6 divide g?
False
Let s = 0 + 0. Suppose -o + 6*w + 8 = 3*w, -5*w - 10 = s. Suppose c = -o*d + 2*c + 34, -4*d + 5*c + 74 = 0. Is 13 a factor of d?
False
Suppose -2*n = 4*c + 2, -7*n + 3*n + 5 = -c. Let a(d) = 2*d - 2 + n + 3. Does 10 divide a(4)?
True
Suppose 1 = 4*h + 21. Let o = h + 5. Let v = 3 + o. Does 3 divide v?
True
Let t = 6 + -15. Let k be -4 - t - 1*2. Suppose -5*g + k*q - 7*q + 183 = 0, 4*g + 5*q = 150. Is g a multiple of 12?
False
Let h = -7 - -7. Suppose -3*a + h = -39. Is 8 a factor of a?
